*t - 7627. What are the prime factors of c?
5, 1171
Let u be ((-2)/(-6))/(6/(-13518)). Let g = -408 - u. What are the prime factors of g?
7
Let h be 4/3*(-9)/6. What are the prime factors of (48 - (-12)/h) + 1?
43
Let w(b) = -256*b**3 - 7*b**2 + 12*b + 134. What are the prime factors of w(-7)?
5, 23, 761
Let u = -16855 - -28627. List the prime factors of u.
2, 3, 109
Let r(y) = 13*y**2 - 2*y + 2. Let x be r(2). Suppose x*j = 44*j + 1116. List the prime factors of j.
2, 3, 31
Let g = 185845 - 108256. What are the prime factors of g?
3, 37, 233
Suppose 1044*m = -5*l + 1040*m + 5311, 5*l - 4*m - 5319 = 0. List the prime factors of l.
1063
Let s(r) = 305*r**2 + 6*r - 49. List the prime factors of s(12).
43943
Suppose -34*t + 313740 + 2044130 = -121546. What are the prime factors of t?
2, 3, 59, 103
Let n(a) = -a + 20. Let c be n(12). Suppose c*u - 139 - 173 = 0. What are the prime factors of u?
3, 13
Let j = 5294 + 3408. List the prime factors of j.
2, 19, 229
Let w be 2/(-6) + 2717/(-57). What are the prime factors of (-6)/w*8*265?
5, 53
Let a = 7366 - 4990. List the prime factors of a.
2, 3, 11
Suppose 3*v = 2*s + 4909, 4*v = -281*s + 276*s + 6507. List the prime factors of v.
23, 71
Suppose -3*t = -5*s + 22, 2*t + 6*s = 3*s - 21. List the prime factors of (t + 65)*(1 + 3)/4.
2, 7
Suppose 70 = -14*b + 4*b. Let t(k) = -2*k**3 - 6*k**2 + 10*k + 8. Let l be t(b). Suppose -25*g = -20*g - l. List the prime factors of g.
2, 3, 11
Suppose 6*d = 11*d - 50. Suppose 0*h - d = -2*h + 3*x, -4*h + x + 10 = 0. Suppose 2*f + 76 = h*y, -4*y + 157 = -0*f + f. What are the prime factors of y?
3, 13
Suppose o - 4840 = -4*v, 11*o - 3619 = -3*v + 13*o. Suppose u - v = 4*w, 49*u - 46*u - 3*w = 3618. List the prime factors of u.
5, 241
Let q = -3524 - -1620. What are the prime factors of (q/20)/((-5)/25)?
2, 7, 17
Suppose 0 = -10*a + 24 + 6. Suppose 3488 = a*v + 5*f - 10*f, 20 = -5*f. What are the prime factors of v?
2, 17
Let t(d) = -2*d**2 - 7*d - 6. Let i(a) = -3*a**2 - 14*a - 11. Let g(q) = 3*i(q) - 5*t(q). What are the prime factors of g(13)?
3, 5
Let y(d) = -4356*d - 2007. What are the prime factors of y(-13)?
3, 7, 17
Suppose 0 = 111*l - 116*l + p + 48071, 5*p + 5 = 0. List the prime factors of l.
2, 11, 19, 23
List the prime factors of 70/(-175) + (-159546)/(-15).
2, 2659
Let f(y) = 4*y**2 + 31*y + 89. Suppose m = 4*s + 61, 45*s = 42*s + 5*m - 33. List the prime factors of f(s).
617
Suppose -253*g + 1752242 = -3311806. List the prime factors of g.
2, 3, 139
Let a = -70 + 73. Let n be 8/a*((-105)/(-12) - 5). Let z = 92 - n. List the prime factors of z.
2, 41
Suppose -261*v = -924209 + 123200. What are the prime factors of v?
3, 11, 31
Let a be (-30)/40 + 73461/12. Suppose 9*l + a = 4*n + 6*l, 4*l - 1516 = -n. What are the prime factors of n?
2, 191
Let k = -2987 + 4391. Suppose 0 = -11*g - k + 4858. List the prime factors of g.
2, 157
Let u(g) = -g**3 + 8*g**2 + 3*g + 19. Let o be u(9). List the prime factors of (-912)/(-42) - 10/o.
2, 11
Let x(j) = 323*j - 336. List the prime factors of x(18).
2, 3, 11, 83
Let g be (24/(-6) + -72)*22/8. Let h = g - -388. List the prime factors of h.
179
Let i(f) = f - 13. Let r be i(9). Let o be 3*(r - 103/(-3)). Suppose -329 = -5*x + o. List the prime factors of x.
2, 3, 7
Let g(u) = 5*u**3 - 53*u**2 - u + 25554. List the prime factors of g(0).
2, 3, 4259
Suppose -4*v - g = -8*v + 29383 + 1381, 0 = g. List the prime factors of v.
7691
List the prime factors of 28/(-8) + (9 - 170/20) + 9217.
2, 17, 271
Let y = 155 + 52. Let s(p) = y*p**2 + 10 - 8 + 0 + 5*p. List the prime factors of s(-1).
2, 3, 17
Let j be -8 + 17 - (315/(-7) + 9). Let i(w) = -w**3 - 4*w**2 - 4*w + 4. Let m be i(-5). Suppose m*n = j*n + 300. What are the prime factors of n?
3, 5
Let f = 2341 - 1736. List the prime factors of f.
5, 11
Let i = 44 + -36. Suppose -3*t + 2*t + 16 = 0. Let g = t - i. List the prime factors of g.
2
Let p(x) = -26*x**2 + 52*x**2 - 17*x + x - 75 - 25*x**2. List the prime factors of p(29).
2, 151
Suppose 0 = -4*a + 4, -2*o - 3*a = 3*o - 19423. What are the prime factors of o?
2, 971
Suppose -696 = -17*d + 11*d. Let m = -79 + d. Suppose -g + 45 = -m. What are the prime factors of g?
2, 41
Let i(g) = 54*g - 1390. List the prime factors of i(81).
2, 373
Suppose 3*h = -2 - 118. Let x = 43 + h. What are the prime factors of (18 - -5) + (x - 1)?
5
List the prime factors of (7227/(-365))/(6/(-8600)).
2, 3, 5, 11, 43
Suppose -4*l - 1676 = -4*r, -225 = -2*l + 4*r - 1053. Let o = l - -644. List the prime factors of o.
2, 5, 11
Let x = -223 + 846. Let z = x + 1244. List the prime factors of z.
1867
Let i = 348 + 10587. Suppose -i = -18*x - 369. What are the prime factors of x?
587
Let m(b) = 16*b - 4 + 0*b - 18 + 0*b. Let k be m(15). Suppose k = 2*u + i, 4*u - 422 = -0*u + 5*i. List the prime factors of u.
2, 3
Let p(q) = 2*q - 58. Let m be p(-6). Let x = m - -125. Suppose 266 - x = z + 2*h, -z + 199 = 5*h. List the prime factors of z.
3, 73
List the prime factors of ((-19)/(114/(-1272)))/2.
2, 53
Let h be -6 - (-7 - (6 + -5)). Suppose -h*f - 4*j = -12, -2*f + 5*f - 2*j = 26. What are the prime factors of f?
2
Let p = 42 - 35. Let k(q) = -q**3 + 5*q**2 - q + 29. Let n be k(p). Let r = n + 80. What are the prime factors of r?
2
Let s = -49173 + 121379. What are the prime factors of s?
2, 79, 457
Suppose 54*c + 20604 = 42*c. Let y = -916 - c. List the prime factors of y.
3, 89
Suppose -12 = -5*a - 2*m, 4*a + 3*m - 12 = 2*m. Suppose -u + 1580 = 5*j + 87, -4*u = -a*j + 1180. List the prime factors of j.
2, 149
List the prime factors of (5/(15/(-6)))/((-1141032)/190170 + 6).
3, 5, 2113
Let o(i) = -i**2 + 3*i + 55. Let r be o(-6). What are the prime factors of r/2 + (-4)/32*-956?
2, 3, 5
Let j(m) = -363*m**3 + m**2 - 58*m - 182. What are the prime factors of j(-3)?
2, 13, 29
What are the prime factors of 9*13164*(-5)/(-45)?
2, 3, 1097
Let z(r) = 63*r**3 - 2*r**2 + r. Let x(h) = h**2 + 18*h + 33. Let g be x(-16). What are the prime factors of z(g)?
2, 31
Let a = -749 - -1124. List the prime factors of a.
3, 5
Let q = 5060 + 1781. What are the prime factors of q?
6841
Let l(z) = 2*z**2 + 4*z - 25. Let b be l(10). Suppose -208*w - 3703 = -b*w. List the prime factors of w.
23
List the prime factors of -37*338/52*(0 + -28).
2, 7, 13, 37
Let p = 1526 + -146. List the prime factors of p.
2, 3, 5, 23
Suppose -4*m = 4*z + 64, 3*z - 17 = 3*m + 61. Let d = -35 + 44. List the prime factors of -1 - 411/m - d/(-21).
19
What are the prime factors of -3*3/((-24)/5944)?
3, 743
List the prime factors of (-1 + 2267)*(1089/22)/9.
11, 103
Suppose 3*a = -4*o + 666, 5*o - 378 = 3*a - 1017. Let u = a - 82. Suppose 2*t - u = -52. What are the prime factors of t?
2, 3, 7
List the prime factors of -3 + -42*(7 - 220/28).
3, 11
Let w = 148816 - 90574. List the prime factors of w.
2, 3, 17, 571
Let v = -3230 + 12541. List the prime factors of v.
9311
Let i(s) be the second derivative of -3*s**5/20 - s**4/2 + s**3/6 + 4*s**2 - 37*s. What are the prime factors of i(-5)?
2, 3, 19
Suppose -p - 3 + 1 = z, -4*z = 2*p + 8. Suppose -9*w + 0*w - 108 = p. What are the prime factors of ((-6)/3)/(w/18)?
3
Suppose -110*k + 3766 + 5109 = 955. Let u(o) = -o**3 + o + 108. Let y be u(0). Let f = y - k. List the prime factors of f.
2, 3
Let k(y) = 123*y**2 - 6*y + 6. Suppose 5*q = 3*g + 21, 0*q + 15 = 3*q - 3*g. Suppose -2*s = -2*b - 4, -2*b + b = -q*s + 8. What are the prime factors of k(b)?
3, 41
Suppose -126*w = -3*x - 124*w + 94442, 0 = 2*w - 10. What are the prime factors of x?
2, 17, 463
Let k(w) be the third derivative of 5*w**2 + 0 + 0*w + 2/3*w**3 - 13/24*w**4. What are the prime factors of k(-8)?
2, 3
Let f = 132 - 109. Suppose f - 47 = -u. List the prime factors of u.
2, 3
Suppose 0 = 4*r + 5*n + 8, -129*n + 125*n = 5*r + 1. Let y = -141 - -280. Suppose r*u - 410 = -2*o, 2*u + 3*o - y = u. What are the prime factors of u?
2, 17
Suppose -f + 21939 = -3*y + 69973, 3*f = -2*y + 32030. What are the prime factors of y?
2, 4003
What are the prime factors of ((-14622)/(-9))/((-76)/(-114))?
2437
Let d(l) = l**3 + 7*l**2 - 22*l - 3. Let b be d(-9). Suppose -14*w + b = -13*w. What are the prime factors of w?
3, 11
Suppose 174 = 20*d - 46. Suppose -3984 = d*u - 27*u. What are the prime factors 